What is -46 - (-93 + 2 + 20)?
25
What is 10 - -9 - 14 - 6?
-1
What is the value of 17 + 5 + -1 + -8 + 1?
14
Calculate 2 - (-4 + (-14 - -29)).
-9
What is the value of (44 - 41) + (7 - -3)?
13
Evaluate (-3 - -12) + (-48 - -30).
-9
0 + -6 + 0 - ((47 - 78) + 31)
-6
What is the value of (-22 + -4 - -4) + (11 - 2)?
-13
Calculate -7 + (0 + 7 - (4 - (44 - 17))).
23
(831 - 825) + (-4 - 0)
2
(2 - 4) + 8 + -1 + 1 + 4
10
What is 37 + -26 + -13 - (13 + -1 + -1)?
-13
What is the value of -22 - -14 - (-13 - (10 + -5 - 0))?
10
Calculate (12 - (-19 - -28)) + (0 + -2 - 13).
-12
(-22 + 11 - -15) + -2
2
What is 11 + -1 - (-1 + 2) - 5?
4
What is the value of 56 - 84 - (-6 - 4 - 2)?
-16
What is -1 + -12 + (1 - -20) + 6?
14
Calculate -15 - 0 - (-146 - -88 - -18).
25
Evaluate -7 + (20 - (27 + -15)).
1
What is (-11 - (-8 + 9)) + -5?
-17
Calculate -1 + (10 - (-8 - -13)) + -8.
-4
Calculate -24 + -32 + 23 + 12 + 1.
-20
What is the value of -3 - (1 + -6 + (-1 - -22) + -14)?
-5
Evaluate -8 + (2 + (10 - 6) - -7) + 10.
15
What is -18 + (-4 + -2 + 2 - (-9 + 1))?
-14
What is (8 - -7 - 7 - 6) + 3?
5
What is the value of 57 + -28 + 0 + -17?
12
Calculate (-4 + (2 - 4) - -8) + (-6 - 0).
-4
Evaluate -20 + (-21 - (-5 + -19)).
-17
What is the value of 21 - 32 - (20 - (8 - 2))?
-25
Calculate 20 + -16 + -20 + 12.
-4
-11 - (-1 - -4) - (-13 + 1)
-2
What is the value of -10 - ((-8 - 2) + 5)?
-5
Evaluate -28 + (19 - (-11 + 5)).
-3
What is the value of -4 + 2 + (1 - 3) + 5 + -9?
-8
What is the value of 1 + -2 + 3 + 307 + -297?
12
(64 - 37) + -51 + 28
4
What is the value of (2 - 1) + 9 + -1 - 8?
1
What is -9 + 5 + 42 + -12 + -11 + 12?
27
Evaluate 7 - (-45 + 20 + 31).
1
Evaluate (-1 - -6) + (280 - 278).
7
What is the value of 23 + (11 - 9) + -12 - 4 - 7?
2
What is 1 + 10 + -15 + 12?
8
Evaluate 3 + 4 + (-53 - -33) - (11 - -1).
-25
What is the value of -6 - -10 - -4 - 33 - (13 + -3)?
-35
Calculate (-2 - -8) + 2 + (17 - 5).
20
-4 + (-28 + 30 - (3 + 13))
-18
Calculate 29 + (-19 - 11) + 3.
2
What is (-6 - (11 - 16)) + (0 - -17) - 6?
10
Evaluate (-3 + -1 - 2 - 1) + (-190 - -197).
0
(9 + -1 - (-21 - -21)) + -1 + -26
-19
Calculate -6 - (21 + -9 + 2 + (-9 - -9)).
-20
-25 + 55 + -41 - 23
-34
Calculate 9 - (-12 + 6 + -2) - 7.
10
What is (-7 + -1 - -3) + -1 + 7 + -5?
-4
What is 9 - (-2 - (7 - 9) - -9)?
0
10 + 17 + (-122 - -79)
-16
What is -16 + 12 + (-17 - -21)?
0
Calculate -16 - (0 + 20 - 15).
-21
Evaluate 8 - (-11 + 9 + -1 - (-3 - -2)).
10
What is -32 + (99 - 22) + -22?
23
What is (-1 + (2 - 0) - (-123 + 121)) + -32?
-29
Evaluate (-1 - -9 - (105 - 68)) + -6 + 8.
-27
Evaluate 2 - -1 - (-13 - (-16 + (-4 - -6))).
2
Evaluate 0 - 16 - (-196 + 174).
6
Calculate 5 + 0 - (0 + 17 + -4).
-8
Calculate -23 + (7 + 0 - -5).
-11
Calculate -3 + (21 - 6 - 21 - -15).
6
What is (-151 - -154) + 0 + 2 + -1 + 8?
12
What is the value of -4 + 0 + (18 - (-9 + 6)) + -4?
13
Calculate (8 - 23) + (-5 - (-3 + 5 - 3)).
-19
Evaluate 0 - 0 - (-1 + 9 - 2).
-6
Evaluate -57 + (44 + -1 - 5).
-19
What is 33 + -15 + -4 + (1 - 7)?
8
What is the value of -15 + (0 + 0 - (-4 - -15) - -4)?
-22
What is the value of -22 + (-11 - -1 - -35)?
3
What is 3 + -9 + (3 - 1) + -293 + 279?
-18
What is -24 + 8 + -8 + 20 + -11?
-15
Evaluate -12 + 9 + (-4 + 2 - -14).
9
9 - ((-24 - -51) + -46)
28
What is the value of -39 + (22 - 0) - (2 - 4)?
-15
What is 10 - 17 - (4 - -3) - -5?
-9
Evaluate 2 + (-6 + 23 - 6 - 23).
-10
Evaluate 8 + (-43 + 27 + 12 - (-2 - -1)).
5
What is the value of -1 + -8 + 3 + (28 - 17) + -10?
-5
What is 5 + 13 - (43 + -17)?
-8
What is -4 + -1 - (-275 - -280)?
-10
What is 6 - (1 + -1) - (33 + (-41 - -6))?
8
(-73 - -27 - 1) + 39
-8
(69 - 14) + 5 + -8 + -18
34
Evaluate -3 - (-1 + -3 + 5 + -1).
-3
Evaluate 0 - -6 - (-9 - (12 - 26)) - -4.
5
What is the value of (9 - 29) + 2 + (32 - 0)?
14
-1 - 0 - (4 - -1)
-6
What is the value of 26 + -8 - (7 - 0)?
11
What is -6 + (9 - (6 + (-12 - -9)))?
0
(-9 - 1) + (-80 - -73)
-17
Evaluate 20 + 1 + (-10 - 8).
3
Calculate -5 + 1 - (-39 + 13 - -31).
-9
What is the value of 11 + 7 + -6 + (-3 - 6)?
3
(1 - (13 + 2)) + (11 - 13 - -3)
-13
What is the value of (-21 - 67) + 88 + 17 + 0?
17
Evaluate -18 - -20 - (-8 - 3).
13
Evaluate 0 - 9 - -13 - 16.
-12
Calculate (-4 - (1 + 0) - -8) + -15.
-12
Evaluate (-5 - (-6 + -5)) + 2 + -12 + -10.
-14
Calculate -4 - (37 - 10 - 9).
-22
What is 3 - (21 + -18 - (-1 + 8))?
7
What is (-2 - -4) + (-5 - -7 - (2 - -8))?
-6
What is -20 - (-21 - -16 - -15 - 16)?
-14
Calculate (-11 - -10) + -15 + 26.
10
What is 31 + 3 + (-1 - -3) + -304 + 295?
27
-7 + 8 - (-3 + 1) - (0 - 3)
6
(-3 - 1) + (32 - 18) - (1 - -2)
7
Calculate 5 + (-7 - (-1 + 3 + -11)).
7
What is -13 + (-12 - (7 - 21))?
-11
Calculate (0 - (7 + -4) - -4) + -59 + 46.
-12
What is -21 + 28 + (-6 - 0 - -9)?
10
11 + -13 + (-14 - -26)
10
Calculate -9 + 1 + (51 - 48) + (-8 - 1).
-14
(-3 + 8 + -7 - -1) + 4
3
Evaluate -7 + (0 - 4 - 13).
-24
What is the value of (12 - (2 + -1)) + (-52 - -81 - 37)?
3
What is 7 + 15 - 29 - (-8 + 5)?
-4
What is (-35 - (-53 + 23)) + (-2 - (3 - 1))?
-9
Evaluate 10 - (-13 + (38 - (4 + 6))).
-5
What is the value of -28 + 34 + -11 - (2 + -6)?
-1
What is the value of 3 + -12 - (-31 + (18 - 3))?
7
Calculate (-7 - (18 + -20)) + -4.
-9
Evaluate -11 + -16 - -10 - -28.
11
Evaluate 22 + (-5 - ((1 - 6) + 4)).
18
14 - (-13 - 6 - (7 + -11))
29
Evaluate 26 + -17 - (-43 + 13).
39
Calculate (-5 - 1) + (-20 - (5 + -24)).
-7
What is 5 - (9 - 13 - -6)?
3
36 + -35 + (-3 + 3 - (2 + -2))
1
Evaluate 74 + -31 + 0 + -29.
14
What is the value of 0 + -1 + (4 + -8 + -7 - 3)?
-15
Calculate -8 + (-10 + 6 - -5).
-7
Calculate 40 + -44 - (0 - 1).
-3
Calculate (-16 - 10) + (1 - (-3 - -3)) + 4.
-21
0 - -2 - (-40 + 40)
2
What is the value of -69 + (74 - 43) + 39?
1
What is 2 + (18 - 14 - 23)?
-17
What is -8 + (-2 + 1 - (31 - (23 - -2)))?
-15
Calculate 6 + -1 + -4 + 10 - (-20 + 18).
13
Evaluate (-10 - -17) + (-7 - (3 - 6)).
3
What is 15 + (16 - 31) + 9?
9
Evaluate 8 + 16 + (2 - 7) + -4.
15
17 + (5 - 13) + 0
9
What is the value of 11 - ((-3 - -20) + 0)?
-6
3 + 3 + (13 - (8 + -17))
28
What is the value of 3 - (-8 + (7 - -2))?
2
Calculate -17 - -20 - (15 - (-1 + 2 + 0)).
-11
What is -11 + (-12 - -5) + 18?
0
Evaluate -22 + (38 - -7) + -24.
-1
What is (6 - ((-5 - 12) + 16)) + -1 + 11?
17
What is (158 - 153) + -18 + 0 + 0 + 2?
-11
Evaluate 35 - 44 - (3 + -22).
10
Calculate (-10 - -57) + (23 - 44).
26
What is 739 + -721 - (19 + -1)?
0
Evaluate -25 + (20 - (2 + 6)).
-13
(-3 - -14) + 34 + -30
15
Evaluate (-12 - -27 - 10) + -10.
-5
(3 - 22 - -24) + -1
4
Evaluate (-190 - -177) + 5 + 19.
11
What is the value of -19 + 19 + -18 + 26?
8
Calculate (4 - (11 - (-3 - -6))) + 14 + -8.
2
Evaluate (16 - (10 + 10)) + (-1 - 9).
-14
What is the value of -7 - ((-1 - -12 - 1) + -5) - 7?
-19
Evaluate 27 + 8 + -32 - (4 - (4 - -11)).
14
6 + 0 + -2 - (56 - 53)
1
Calculate (-15 - (4 + -13 + -1)) + -17.
-22
What is -15 + (1 - (19 - 9 - 9))?
-15
Calculate (0 - (2 + 0 - 4)) + -2040 + 2036.
-2
What is the value of 26 - -1 - (117 + -107)?
17
What is the value of (42 - 23) + 3 + (4 - 14) - 6?
6
What is the value of (3 - -13) + (91 - 110)?
-3
What is -6 + -1 + 1 - -13 - (-1 + 4)?
4
1 - -8 - (-1 + -1 + 8 - 4)
7
What is 34 + -22 + 8 - 3?
17
What is -12 + 70 + -29 + -30?
-1
Calculate (37 - 4) + 9 + -31.
11
Calculate 0 - -6 - 4 - (1 - 0).
1
What is the value of -4 + (-10 - -8 - -14)?
8
(-13 - (-10 + (-5 - -13))) + -7
-18
What is the value of -18 + -4 + 60 + -23?
15
What is the value of 1 - -6 - ((1 - -5) + -28 + 20)?
9
(0 + 3 - 7) + (3 - 0)
-1
Evaluate 8 - (3 + (-13 - -21)).
-3
What is -5 - (-9 - -11) - (-4 - -2)?
-5
Calculate -6 - (-9 + 12) - (29 - 23).
-15
Calculate 20 + (18 - (-10 + 26)).
22
0 - (27 + -12 - 3)
-12
Evaluate 17 - (13 + (6 - 29) + 4).
23
What is (-42 - ((-11 - (1 - 10)) + 8)) + 12?
-36
What is the value of (25 + -16 - (-8 + 1)) + -4?
12
What is -13 + (-1 - 7 - (-43 + 39))?
-17
Calculate -7 + (0 - -4 - 5 - -4).
-4
Evaluate 1 + (-55 - -37) + 5 + 18.
6
Evaluate 17 - (-19 - -41) - -30.
25
Calculate (-4 + (1 - 2 - 1) - 3) + 2.
-7
What is -3 - (-9 - -3) - (1 - -4 - 1)?
-1
Evaluate (8 + -4 - (3 - -3)) + (-17 - -1).
-18
(10 + (-13 - -5) - 2) + -25 + 54
29
Calculate -1 - 2 - (-10 + -10) - 2.
15
Evaluate 2 + 7 + 1 + 4 + -19 + -3.
-8
Evaluate (-12 - 11) + 10 - -11.
-2
What is (1 - 0 